 d**4/4 + 3*d**2/2 + d. Suppose -7*l + 9 = -10*l. Calculate the remainder when 87 is divided by j(l).
27
Suppose -3*u = 3*y + y + 3, y - 28 = 5*u. Suppose 2*b - 62 = -2*q, 0*b + 2*b - y*q = 62. Let h = b - 3. Calculate the remainder when h is divided by 10.
8
Let h = -22 - -22. Suppose 2*k + 106 = 5*k + 5*v, k - 2*v - 39 = h. What is the remainder when k is divided by 13?
11
Let w(p) = p**3 + 19*p**2 + 31*p - 7. Calculate the remainder when 527 is divided by w(-17).
43
Let y(a) = 4*a**2 - 10*a + 46. Let k be y(5). Let r(w) = w + 5. Let x be r(-5). Suppose k = -x*l + 3*l. Calculate the remainder when l is divided by 11.
10
Calculate the remainder when (-2)/11 + (58240/110)/8 is divided by 23.
20
Let y = -17 - -31. What is the remainder when 16 is divided by y?
2
Suppose -2*j + 160 = 3*j. Let v = 238 + -226. What is the remainder when j is divided by v?
8
Suppose -5*q = o - 25, -95 = 2*o - 7*o + 5*q. Calculate the remainder when (178*2/(-12))/(1/(-6)) is divided by o.
18
Suppose 118 = 1542*q - 1540*q. What is the remainder when q is divided by 30?
29
Let n = 13 - 11. Suppose 0 = 4*f + 4, -4*q + 16 = n*f - 98. What is the remainder when q is divided by 16?
13
Calculate the remainder when 0 - (-4)/4 - -17*2 is divided by ((-4)/(-4))/((-2)/(-36)).
17
Let c = -767 + 791. Suppose j - 5*i = -0*j + 5, 0 = 3*j - 5*i - 35. Calculate the remainder when c is divided by j.
9
Let s = 1259 + -1181. Let r = 10 - -6. Calculate the remainder when s is divided by r.
14
Let m = 40 - -43. Let z(d) = 16*d - 7. Let q be z(5). Suppose -5*p - 5*g + 121 = 6, 3*p + 5*g = q. What is the remainder when m is divided by p?
20
Let x(m) = 3*m**2 + 3*m - 1. Suppose -r + 35 = 5*z - 6*r, 4*z - 2*r - 18 = 0. Calculate the remainder when x(z) is divided by 2 - 33/(-5) - 2/(-5).
8
Let v be 10/35 + 136/14. Suppose 0 = -4*z + v + 6. Suppose z*n - 2 = 2*n. Calculate the remainder when 2 is divided by n.
0
Let f = 233 + -221. Calculate the remainder when f is divided by 6.
0
Suppose 5*q + 9 = 8*q. Suppose -2*m + 0*m + q*d = -45, d = 4*m - 75. Calculate the remainder when 34 is divided by m.
16
Let b(o) = 16*o - 4. Let i be b(5). Suppose 3*r + r - i = 0. Calculate the remainder when 74 is divided by r.
17
Let j(b) be the third derivative of -2*b**2 + 3/20*b**5 + 1/2*b**4 - 1/120*b**6 + 0 + 1/3*b**3 + 0*b. What is the remainder when j(10) is divided by 8?
6
Let s = 18 - 3. Let w = -10 + s. Suppose 42 = w*f + f. What is the remainder when 12 is divided by f?
5
Suppose 4*g + 4 = 4*o - 0, -5 = -5*o + 4*g. Let w = -6 + 10. Let m(b) = b**3 - 6*b**2 + 7*b + 5. What is the remainder when m(w) is divided by o?
0
Let d be 32/14*14/4. Suppose -d = 4*l, -2*s + 279 = -2*l - 89. Calculate the remainder when s is divided by 37.
34
What is the remainder when ((-981)/18)/((-3)/18) is divided by 41?
40
Suppose 5*i - 67 = 4*n + 53, 0 = -i - n + 15. Calculate the remainder when 1679 is divided by i.
19
Suppose 0 = -3*n - 6, 3*r = -2*r + n + 462. Calculate the remainder when r is divided by 12.
8
Suppose 4*s - 120 = -40. What is the remainder when 93 is divided by s?
13
Suppose -4*m = -3*x - 38, 5*x - m - m + 40 = 0. Let t be (-4)/(x/(-3))*2. What is the remainder when (t + 2)*(-93)/6 is divided by 11?
9
Let r(m) = 4*m + 2. Let v be r(-3). Let x be (-20)/v - (-14)/2. Suppose -13*w = -10*w - x. Calculate the remainder when 4 is divided by w.
1
Let l(i) = -60*i**2 - 2*i - 1. Let j be l(2). Let z = -85 - j. Calculate the remainder when z is divided by 18.
16
Let g = -1870 - -1948. What is the remainder when 113 is divided by g?
35
Let u = -1103 - -1152. Let x = 333 + -187. What is the remainder when x is divided by u?
48
What is the remainder when (-109 - -154)/((-3)/(-4)) is divided by 16?
12
Suppose 94*c - 64*c = 8460. What is the remainder when 564 is divided by c?
0
Suppose 2*u + 3*u + 5*k = 0, -k = -5*u + 12. Calculate the remainder when ((-8)/20)/((-70)/7525) is divided by (14/(-4) - u)*-2.
10
Let l be (-1)/2 - 11/(-2). Let d = -673 + 673. Suppose -2*m + 58 = -4*z, l*m + 3*z - 119 = -d*m. What is the remainder when m is divided by 7?
4
Let j = -59 + 71. What is the remainder when 37 is divided by j/21 + 132/14?
7
Suppose 5*j - 3*r = 240, j - 3*j = -3*r - 96. Let t = -41 + j. Calculate the remainder when 21 is divided by t.
0
Let k = -22 - -39. Let o = -254 + 294. What is the remainder when o is divided by k?
6
Let y(p) = 13*p - 1. Let h be y(5). Suppose 5*r = -21 - 44. Let x = h - r. Calculate the remainder when x is divided by 26.
25
Let t = -100 - -205. Suppose 3*p - q - t = 0, p - 5*q + 0*q - 35 = 0. Let h = -14 + 32. What is the remainder when p is divided by h?
17
Let a(d) be the first derivative of -7*d**2/2 + 5*d + 20. Suppose 4*c + j = -26 + 4, 0 = -5*c + 3*j - 36. Calculate the remainder when a(c) is divided by 25.
22
Let v(p) = p + 12. Let w be v(-5). Suppose 5*n = w*n - 4. Suppose -2*m + 70 = -n*s, -3*m = -0*m - 2*s - 101. Calculate the remainder when m is divided by 8.
7
Let n be 12/(-10)*(15/(-2))/3. Suppose -2*g - 8 = -n*k - 48, 4*k = 3*g - 61. Calculate the remainder when 81 is divided by g.
12
Suppose -4 - 2 = 3*w. Let s be (-10)/35*14/w. Suppose -s*b = 2*b - 388. What is the remainder when b is divided by 20?
17
Let f(a) = a**3 + 8*a**2 - 11*a - 5. Let b = 148 + -97. Calculate the remainder when b is divided by f(-9).
12
Let z be (25/15)/((-3)/((-1773)/1)). What is the remainder when z/20 + (-5)/20 is divided by 19?
11
Let q(o) be the second derivative of o**3/6 + 3*o**2/2 + 13*o. Calculate the remainder when 5 is divided by q(-1).
1
Suppose -j = -1, -4*k - 3*j + 708 = k. Calculate the remainder when k is divided by 52.
37
Suppose 4*p - 11*p - 525 = 0. Let t = -71 - p. Calculate the remainder when (-1)/(-3) - 68/(-12) is divided by t.
2
Suppose 2*t - 5*c - 5 = 0, -c - 6 = -t - 2. Let f(o) = 2*o**3 - 8*o**2 + 4*o - 2. What is the remainder when f(t) is divided by 60/(12/4) - -3?
22
Let i = 2075 + -1978. Calculate the remainder when i is divided by 67.
30
Suppose 3*l = 3*z + 45, 3*l + z + 2 - 39 = 0. Suppose -56 = l*n - 17*n. What is the remainder when 83 is divided by n?
13
Let p = -62 + 201. Suppose -5*w + 1654 - p = 0. Suppose -3*l = -n - 181, -l + w = 4*l - 2*n. Calculate the remainder when l is divided by 12.
11
Let h(j) = -j**3 + 6*j**2 + 2*j - 10. Let b be h(6). Suppose -4*u = -4*r + 76, -2*u - b*u - 20 = 0. What is the remainder when r is divided by 10?
4
Suppose -973 = -4*o - 173. Let b(g) = -g**3 + 6*g**2 - 2*g + 5. What is the remainder when o is divided by b(4)?
26
Let a = 35 + -15. Let g(v) = -v**2 - 25*v - 4. Let c be g(-25). What is the remainder when 6/48*-4 - 318/c is divided by a?
19
Let w(t) = -6*t - 3. Let l = 5 - 6. Let p be w(l). Suppose -5*x + p*k = -55, 4*k = 4*x - k - 44. Calculate the remainder when 41 is divided by x.
8
Suppose 7*i + 14 = 6*i. Let u = 31 + i. What is the remainder when 32 is divided by u?
15
Suppose 2*y = -0 - 4. Suppose -5*b + 37 = -13. What is the remainder when 8 is divided by y - (0 - b/2)?
2
Calculate the remainder when 176 is divided by -3*(-4)/18 + 920/69.
8
Suppose 14*t = g + 12*t - 98, t = -5*g + 457. Suppose 4*p - 26 = 70. What is the remainder when g is divided by p?
20
Suppose 0 = 4*o - 40 - 44. Suppose o + 33 = 3*h. Calculate the remainder when h is divided by 11.
7
Let n(h) = 2*h**3 - 8*h + 2. What is the remainder when n(3) is divided by (2 - -7) + (5 - 9)?
2
Suppose 23*z + 202 = 25*z. Calculate the remainder when z is divided by 15.
11
Let l be ((-2)/(-4) + 0)*114. Suppose 10*y - l = 93. Calculate the remainder when 52 is divided by y.
7
What is the remainder when 173 is divided by 48/8*63/6?
47
Let r be (18/3)/2 - (2 - 1). Suppose 0 = 2*m - 3*n - 55, r*n + 58 = m + m. Calculate the remainder when 126 is divided by m.
30
Let x = -398 - -472. Let w = 12 - 23. Let g = w - -30. What is the remainder when x is divided by g?
17
Let w(f) = -f**2 - 9*f + 6. Let s be w(-9). Suppose s*p + 78 = 444. What is the remainder when p is divided by (21/(-2))/(2/(-4))?
19
Suppose -2*c + 759 = 9*c. Suppose 4*l + 0*l - 78 = -2*g, 2*g - 76 = -3*l. What is the remainder when c is divided by g?
34
Let g(n) = -n**3 + 18*n**2 + n + 42. Suppose 2*w + 111 = 5*x - w, 0 = 2*x + w - 40. Calculate the remainder when g(18) is divided by x.
18
Suppose 0 = -2*